e o(b).
5
Let q(z) = 2*z + 10. Let k be q(-4). Let w(f) = 0 + f**k + 0 - 3 - 2. Suppose 4*u - 2*p = p - 3, -1 = 5*u - p. Give w(u).
-5
Let t(s) = -7 - 11 - 811*s + s**2 + 16 + 0*s**2 + 826*s. Calculate t(-21).
124
Let b(q) = -q**3 - 67*q + 25*q - 2 + 34*q - 7*q**2. Let u be (-47)/5 - (-2)/5. Let n = u - -3. Determine b(n).
10
Let p(w) = -3*w - 9. Let b = -862 - -843. Give p(b).
48
Suppose 4*r - 31 = 78*g - 73*g, -18 = 2*g - 3*r. Let c = 0 - -2. Let l(o) = 3*o - 2 + 0*o + c + 4. Determine l(g).
-5
Let k be (-3)/(-3) + (38 - 44). Let v(x) = x**3 - 8*x**2 + 7*x + 3. Let u be v(7). Let y(h) = 45*h - 92*h - u + 46*h. Calculate y(k).
2
Suppose 8*w - 5*w = 0. Suppose w*u - 30 = -6*u. Let p(y) = 2*y**2 + y + 5. Let m(q) = -q**2 + q - 1. Let g(t) = 3*m(t) + p(t). Calculate g(u).
-3
Let q(x) = -23*x**2 + 85*x - 55. Let w(p) = 11*p**2 - 40*p + 27. Let v(b) = 10*q(b) + 21*w(b). Determine v(-7).
-4
Let h(o) be the second derivative of -o**6/120 - 2*o**5/15 + 5*o**4/12 - 2*o**3 - 30*o**2 + 48*o. Let c(n) be the first derivative of h(n). Determine c(-9).
-21
Let y(k) = -27*k + 77. Let o(p) = 6*p - 5. Let l(m) = 6*o(m) + y(m). Calculate l(-13).
-70
Let s(g) = -18*g - 1. Suppose 16 = p + a + 18, -p = -4*a + 12. Determine s(p).
71
Suppose 4 = -x - x. Let s(c) be the third derivative of -c**5/20 - c**4/24 + c**3/6 - 21*c**2 - c + 113. Calculate s(x).
-9
Let r(i) = -2*i + 4. Let w(x) = 7*x**2 + 2*x**3 - 15*x**2 + 6 - 7*x**2 - 12*x - x**3. Let l be w(16). Let d = l - 65. Give r(d).
-6
Let r(f) = 8 - 2306*f + 4611*f - 2306*f. Give r(-2).
10
Let u(q) = 2*q**2 + 2*q - 1. Suppose 2*a - 103 = -3*x, 2*a - 7*a - 6 = -x. Suppose -x + 35 = w. Suppose -14 = -w*f + 11*f. Calculate u(f).
3
Let r(m) = -3*m - 8. Suppose -3*u + 4*z = -20, -u - 36*z + 12 = -40*z. Calculate r(u).
-20
Suppose 5*o - 5*s + 30 = 25, 0 = 2*o - 3*s + 3. Let j(l) = l**2 - l + 25. Let q(b) = -b**2 + b - 25. Let d(a) = 6*j(a) + 5*q(a). Give d(o).
25
Let c(v) = -v**2 - 23*v - 74. Let x be c(-4). Let o(w) = -x*w**2 + 2556 - 1285 + w**2 + 6*w - 1277. Determine o(4).
2
Let f(u) be the second derivative of -u**3 + 75*u**2 - 1405*u. Determine f(24).
6
Let c(q) = 4*q**3 - 4*q**2 + 10*q - 8. Let g be c(1). Let n(t) be the third derivative of -1/60*t**5 + 0*t + 0 + 11*t**g + t**3 + 7/24*t**4. Give n(7).
6
Let j(q) = 55*q + 2685. Let u be j(-48). Let k(a) = a**2 - 43*a - 73. Determine k(u).
17
Let g(y) = -y + 1. Let m(u) = -u**2 + 9*u - 2. Let s(n) = -g(n) - m(n). Suppose 3*o + 5*z - 8 - 12 = 0, -3*o + 24 = 3*z. Let b = o + -6. Calculate s(b).
-15
Let j(c) = c**3 + 5. Let x(u) = -u**3 - 16*u**2 + 38*u + 38. Let g be x(-18). Suppose -g*i + 4*k + 0*k = 0, -4*k = -3*i. Determine j(i).
5
Let y(k) be the second derivative of k**4/4 + 5*k**3 + 5*k**2/2 - 17*k. Let w be y(-10). Let x(f) = w + 2*f + 2 - 5 - 3*f. Give x(5).
-3
Let y(m) be the second derivative of -m**4/12 + 3*m**3/2 + 7*m**2/2 + m - 29. Let q = -573 - -583. What is y(q)?
-3
Suppose 4*y + 10 = c, -y - 4 = -6*c + 5*c. Let g(z) = -c*z - 12*z + 16*z - 12. Give g(5).
-2
Let p = -8 + 11. Let f(c) = 17 + 365*c**2 - 362*c**2 - 5*c + 4*c - c**3 - 21. Give f(p).
-7
Let y = 239 + -218. Suppose 0 = -v - 2*v + y. Let x(f) = -f**2 + 6*f - 3. Calculate x(v).
-10
Let f(m) = -12*m - 418. Let o(r) = -49*r - 1545. Let h(d) = -15*f(d) + 4*o(d). Determine h(7).
-22
Let j(w) = -13*w**2 + 13*w + 1. Let c(z) = -11*z**2 + 14*z + 1. Let x(m) = 6*c(m) - 5*j(m). Determine x(20).
-19
Let c = 525 + -519. Let s(r) be the second derivative of -r**5/60 + r**4/3 - 2*r**3/3 + r**2/2 - 3*r. Let m(k) be the first derivative of s(k). Calculate m(c).
8
Let h(x) = -5*x**2 + 13*x - 13. Let n(i) = 3*i**2 - 7*i + 7. Let l(p) = 4*h(p) + 7*n(p). Let f be -3*2*3/(-1)*3. Let v = -60 + f. Calculate l(v).
15
Let w(c) = -4*c + 70. Suppose 0 = 4*l + 3*x - 92, 12 = -l - 4*x + 61. Determine w(l).
2
Let i(q) be the third derivative of -31*q**4/24 + 13*q**3/6 + 6885*q**2 - 1. What is i(7)?
-204
Let t(k) = 529*k**3 + 8 + 9 + 17*k**2 - 1091*k**3 + 4*k + 563*k**3. Calculate t(-17).
-51
Let w(i) be the third derivative of -i**4/24 + 5*i**3/6 - i**2 - 50. Let l be 2 + (-3)/9*-6. Suppose -3*s = -4*v - 1, -4*v - 6 = -l*s - 2. What is w(s)?
2
Let l(f) = -129*f + 7861. Let r be l(61). Let n(w) = 3*w**2 + 16*w - 58. What is n(r)?
6
Let s(l) = 3*l + 36. Let p(u) = -u**3 + 2*u**2 + 37*u - 131. Let f be p(4). Calculate s(f).
-9
Let c(y) = -2*y + 7. Let n(t) be the second derivative of -t**3/6 + 3*t**2/2 + t + 17. Let d = 4 + 0. Let q(j) = d*c(j) - 9*n(j). What is q(8)?
9
Let g be (-1 + (3 - 3))*8/1. Let c(d) = -11*d - 80. Let w be c(g). Let q(u) = -u**2 + 8*u - 4. Determine q(w).
-4
Let w(l) be the second derivative of -l**4/12 - 5*l**3/6 + 7*l**2/2 - 253*l. Calculate w(5).
-43
Let z(f) be the second derivative of -f**4/12 + f**3 + 65*f**2/2 - 279*f. What is z(12)?
-7
Let c(j) = j + 31. Let m be c(-29). Let h(y) = -y**3 + 12 - m*y**2 - 7*y + 9*y**2 - 8*y**2 + 8*y. Give h(0).
12
Let b(k) be the first derivative of -k**2 - 55 + 2/3*k**3 + k + 11/4*k**4. Determine b(1).
12
Let h(f) = -f**2 - 2*f + 2. Let k(x) = 2*x**2 + 5*x - 3. Let v(p) = -5*h(p) - 2*k(p). Suppose 3*l + 30 = -5*m, -6*m - 2*l = -2*m + 22. Determine v(m).
5
Let w(g) = -20*g**2 + 105*g + 203. Let l(p) = 7*p**2 - 38*p - 66. Let z(b) = -17*l(b) - 6*w(b). Give z(-21).
9
Let c(n) be the third derivative of 5*n**4/24 - 59*n**3/6 + 9*n**2 + 11*n + 2. What is c(7)?
-24
Let i(u) = 80*u - 2876. Let d be i(36). Let t(k) = -24*k + 94. Give t(d).
-2
Let i = -4 + 8. Let a(c) be the third derivative of c**2 - 2/3*c**3 + 0*c + 54 + 1/24*c**4. Give a(i).
0
Let q(m) = -5*m**3 - 14*m**2 + 5*m + 12. Let l(y) = -9*y**3 - 24*y**2 + 9*y + 23. Let u(b) = 3*l(b) - 5*q(b). Calculate u(0).
9
Let q(k) = -k**2 - 2*k - 1. Let b = 5 - -18. Let a be (-2 - 3 - -1) + b. Suppose 0 = -5*v - a - 1. Calculate q(v).
-9
Let c(p) be the second derivative of p**5/20 - 13*p**4/12 + 5*p**3/3 + 27*p**2/2 - 3*p + 2. Let x be c(12). Let o(s) = -3*s. Give o(x).
-9
Let n(w) = 3*w - w**2 + 3 + 2 - 6. Let r(a) = a - 1. Let u(h) = n(h) - 6*r(h). Suppose -35 = 4*g + 5*x, -4*x = -2*g + 12 - 10. What is u(g)?
-5
Let n(x) be the first derivative of 1/3*x**3 + 50 + 15/2*x**2 + x. Give n(-15).
1
Let v(k) = -5 + 7*k + 5. Suppose -166 = 13*z + 29. Let d be ((-84)/z)/4 + 10/(-25). Calculate v(d).
7
Let k(d) = 2*d + 20. Suppose 5*q - 30 + 85 = -3*r, -25 = 5*q. What is k(r)?
0
Let f(z) = 52*z - 44 - z**2 + 47 - 55*z. What is f(3)?
-15
Let h(s) = -3*s - 5. Let z(k) = -k**2 - 21*k - 68. Let w be z(-14). Suppose w = 31*d - 25*d. Calculate h(d).
-20
Let t(v) be the second derivative of -v**3/2 - v**2/2 + v. Let y(d) = -d**3 - 17*d**2 - 20*d - 9. Let a be y(-16). Suppose 6*f = -5*f + a. Determine t(f).
-16
Let a(n) = n - 80. Suppose 6 = 2*h - 2*f, 18*h - 23*h - 15 = 5*f. Give a(h).
-80
Suppose -5*t + 19 = 4*s, -37*t + 11 = s - 42*t. Let j(o) = -o**3 + 7*o**2 - 5*o - 6. Determine j(s).
0
Suppose 4 = -0*q - 2*q. Suppose -5 - 11 = 4*h, 0 = 4*f + h - 8. Let u(b) = f*b + 0 + 2*b + 2 + 3*b. Determine u(q).
-14
Let p(n) = 3*n**2 + 8*n - 3. Let o(r) = 10*r**2 + 37*r + 23. Let k(c) = -2*c**2 - 7*c - 4. Let g(i) = 11*k(i) + 2*o(i). Let z(a) = 5*g(a) + 2*p(a). Give z(3).
-29
Let c(h) = -2*h**2 + 2*h - 1. Let z(a) = -3*a. Suppose 118*g = 124*g - 6. Let j(x) = g*z(x) + c(x). Give j(-2).
-7
Let u(m) = -466*m - 14. Let j(k) = -88*k - 3. Let v(h) = -11*j(h) + 2*u(h). Determine v(-1).
-31
Suppose -2*p + 197 = -41*p - 115. Let o(u) = 8*u + 39. Give o(p).
-25
Suppose 0 = -j + 4*o + 7, -5*j + 25 = -4*o + 6. Let s(t) = -t - 5. Let d be s(-5). Suppose d = -15*r + 18*r + j. Let g(b) = -5*b**3. Determine g(r).
5
Let i = 24 - -7. Let g = i + -30. Let z be g/(-2) - (-95)/(-10). Let u(o) = -o**3 - 9*o**2 + 11*o + 9. Give u(z).
-1
Let c(v) = v + 1645*v**2 - 555*v**2 - 547*v**2 - 545*v**2. Let b be (-32)/18 - 8/36. Let r be b/(1/(3/6)). Calculate c(r).
-3
Let s be (6/(-33))/((-8)/(-88)). Suppose c + 3*c - 8 = 0. Let v(w) = -3*w + 2*w - 1 + 3*w + 2 + 3*w**c. Give v(s).
9
Let x(y) = -93*y + 188. Let z be x(2). Let w(d) be the second derivative of 1/12*d**4 + 14*d - d**3 + 5/2*d**z + 0. Calculate w(4).
-3
Let t(s) = -15*s**2 + 70*s - 23. Let x(l) = -6*l**2 + 35*l - 9. Let n(b) = 3*t(b) - 7*x(b). Give n(-10).
44
Let t(q) = -3*q + 7*q**2 + 0*q + 14*q**2 - 2